 be the first derivative of s(m). What is j(-7)?
-3
Let u(i) = 7*i**3 + 3*i**2 - 2*i. Let n be u(1). Suppose -n*h + 6*h - 110 = 0. Let k = h - -52. Let q(y) = y**2 - y - 2. What is q(k)?
10
Let x(l) = 11 - 6*l**3 - 4*l + 2*l + 3*l**2 + 13 - 2*l**2 - 23. What is x(1)?
-6
Let a(q) be the third derivative of 1/3*q**3 + 0*q + 1/12*q**4 + 9*q**2 + 0. Calculate a(-6).
-10
Let t = -2660 + 2655. Let x(w) be the second derivative of -w**3/6 + 3*w**2 - 2*w. What is x(t)?
11
Let u(d) = 1545*d - d**3 - 3*d**2 - 3085*d + 14 + 1544*d. Let s be u(-3). Let k(l) = -8*l + 3. What is k(s)?
-13
Let b(p) = -6*p**3 + 5*p**3 - 3*p - 5*p**2 + 0*p + 3. Let o = 70 + -66. Suppose 0 = -4*n - 4*m + o, -5*m + 2*m - 3 = 5*n. Calculate b(n).
-6
Let t = -28276 - -28264. Let p(h) = -h**3 - 13*h**2 - 12*h + 4. Determine p(t).
4
Let q(s) = 9*s**3 - 2*s**2 - 6*s + 84. Let f(l) = -5*l**3 + 2*l**2 + 4*l - 44. Let a(d) = -11*f(d) - 6*q(d). Calculate a(11).
13
Let d be ((-35)/14)/(1/4)*(-2)/(-4). Let h(s) = s**2 + 9*s + 29. Calculate h(d).
9
Let z = -16 - -23. Let n = 158 - 170. Let k = n + z. Let i(c) = c**3 + 4*c**2 - 5*c - 7. Give i(k).
-7
Let y(u) = 60*u**2 + 142*u**3 + 12*u + 46*u**2 - 49 - 140*u**3 - 123*u**2. Calculate y(8).
-17
Let b(r) = -7*r**3 + r**2 - 2*r + 3. Let i = -82 + 81. Let c(p) = p**3 - p**2. Let s(g) = i*b(g) - 6*c(g). Calculate s(-3).
9
Let k be (-5)/(-2)*((-144)/(-30))/6. Let p(h) = 314 + 14*h - 298 + 0*h**2 + h**k. Calculate p(-11).
-17
Let z be (-3)/(-2)*(-19)/2*-12. Let p = z - 175. Let n(j) = -j**3 - 7*j**2 - 6*j - 1. Calculate n(p).
-25
Let r(n) be the second derivative of 5*n**3/6 + 11*n**2 - 714*n. Give r(-4).
2
Let r(y) be the third derivative of y**4/4 - 13*y**3/3 + 3*y**2 + 22*y. Determine r(-8).
-74
Let b(l) be the first derivative of l**5/20 - l**4/12 + l**2/2 - 2*l + 4. Let q(v) be the first derivative of b(v). Let k = -7575 + 7574. Give q(k).
-1
Let w(z) = z**2 + 17*z - 45. Let g be w(-19). Let j(k) be the second derivative of -k**3/6 + k**2/2 - k. What is j(g)?
8
Let w(z) = 19*z + 139. Let s be w(-7). Let a be s/4*(272/(-24) + 8). Let y(v) = -v**3 - 4*v**2 + 2*v - 6. Give y(a).
9
Let u(y) be the first derivative of -y**3/3 + 3*y**2 + 4*y + 2. Let z = -176250 - -176255. Determine u(z).
9
Let c be 7*(-1)/2*-2. Let r(b) be the first derivative of -b**4/4 + 2*b**3 + 3*b**2 - 10*b - 4081. What is r(c)?
-17
Let g(w) = -w**3 - 4*w**2 + w + 2. Let s(m) = 2*m**2 + 19*m - 117. Let p be s(-18). Let z be ((-4)/6)/(42/p). Give g(z).
-10
Suppose 16 = 10*a - 2*a. Let b = 24 + -7. Let f(v) = b*v - 1 - 7*v - 12*v. What is f(a)?
-5
Suppose 3*w + 52 = -5. Let k = w - 2. Let s = k - -17. Let z(a) = a**3 + 3*a**2 - a - 3. Determine z(s).
-15
Let k = 91 - 90. Let w(q) = q - 4 + k + q**2 + 0. Let n be w(2). Let i(b) = -b**3 + 5*b**2 - 3*b - 2. Give i(n).
7
Suppose 165301 = 17*l + 165250. Let t(v) = -v**2 + 3*v + 0*v**2 + 1 + 0. Determine t(l).
1
Let x(p) = -p**3 - 4*p**2 - p + 5. Let d(j) = -2*j + 18. Let f be d(-15). Let r = f - 60. Let y be 39/r - (-12)/(-16). Calculate x(y).
9
Let a(s) = -16*s - 30. Let w(t) = 2*t**2 - 12*t + 8. Let c be w(1). Give a(c).
2
Let p(h) = -2*h**2 - h. Let z = 83 + -70. Suppose -3*f + 4*w + 6 - z = 0, 3*f - 2 = -5*w. What is p(f)?
-1
Let q(u) be the third derivative of 1/6*u**3 + 0*u - 1/24*u**4 + 1/12*u**5 + 0 - 1/120*u**6 + 170*u**2. Give q(5).
-4
Let y(d) = 15*d + 151. Suppose 5*q - 3*l + 52 - 17 = 0, q - 2*l = 0. Calculate y(q).
1
Let z(d) = 14 - 5 - 4*d + 35*d**2 + 51*d**2 - 86*d**2 - d**3. Determine z(2).
-7
Let j(a) = a**2 + 5*a - 8. Let d = -5415 - -5408. Give j(d).
6
Let t(z) be the third derivative of z**5/60 + z**4/12 + z**3/3 - 4*z**2 - 531*z - 3. What is t(11)?
145
Suppose 18*x - 5*x = -13. Let t = -92 - -96. Let i(w) = t*w**2 + 100*w + 1 - 100*w. Give i(x).
5
Let o be 19200/(-1728) + 2/18. Let f(y) = y**3 + 9*y**2 - 21*y + 20. What is f(o)?
9
Let r(x) be the second derivative of 4*x**3/3 - 91*x**2/2 - 52*x - 8. Give r(11).
-3
Let p(t) = -372*t + 184*t - 10 + 189*t. Calculate p(16).
6
Let b(h) = -h**3 - 2*h**2 + 8*h - 1. Let i be b(-4). Let g(y) = -y. Suppose 4*d - 20 = -d. Let v(n) = 3*n. Let c(r) = d*g(r) + v(r). Give c(i).
1
Let y(r) be the second derivative of r**4/6 + 7*r**3/2 + 29*r**2/2 - 9839*r. What is y(-10)?
19
Let a(t) = t - 3. Let p be a(5). Suppose j + p = -4*o - 0, 2*j - 5*o + 17 = 0. Let u(h) be the first derivative of -2*h**2 - 9*h - 127. What is u(j)?
15
Suppose -3*p = -2*y + p - 18, -4*y = 4*p - 24. Let z be y + 7 - (5 - 6). Suppose -z*o - 100 = 11*o. Let g(h) = -h**3 - 5*h**2 - 6. What is g(o)?
-6
Let p = 90 - 90. Suppose 7*c + p*c = 0. Suppose -4*t - 11 + 39 = c. Let w(s) = s**3 - 6*s**2 - 6*s - 7. What is w(t)?
0
Let o(z) = z - 7. Suppose -2*y = -2*n - 16, -y + n = -2*y. Suppose 2*f - 32 = 4*c, -c = 3*c + y*f + 32. Let u = 14 + c. Give o(u).
-1
Let k(n) be the first derivative of n**3/3 - 6*n**2 + 13*n + 3. Let r = -2547 - -2556. Determine k(r).
-14
Let b(z) be the second derivative of z**5/20 - z**4/2 + z**3/2 + z**2 + 7*z + 101. Calculate b(6).
20
Let g(u) = -2*u - 3. Let y(h) = -h + 1. Let f(t) = g(t) - 3*y(t). Let p(b) = b**2 + 3*b + 7. Let i be p(-2). Let z be f(i). Let n(o) = 7*o**3. Calculate n(z).
-7
Let u = 426 + -491. Let q be 9/15 - 416/u. Let d(y) = -y**3 + 6*y**2 + 4*y - 4. What is d(q)?
-25
Let f(u) = -4*u + 22. Let s be f(5). Let q(h) = -13*h + 4. Let c be q(s). Let i = 16 + c. Let o(d) = -d - 8. What is o(i)?
-2
Let j = -1035 - -1055. Let f(i) = i**3 - 21*i**2 + 20*i - 17. Give f(j).
-17
Let y be (-35)/20*6/(-3)*-2. Let p(x) = 2*x + 24. Determine p(y).
10
Let s(h) = -h**3 + 6*h**2 - 9*h + 10. Suppose -8*f + 3*f + 15 = 3*y, -20 = -4*y + f. Calculate s(y).
-10
Suppose y = 37 - 8. Let v = -27 + y. Let p(l) = 3 + 81*l - 79*l + v. Determine p(-5).
-5
Let p(c) = -13*c**2 + 33*c - 56. Let n(a) = 9*a**2 - 22*a + 37. Let o(s) = -10*n(s) - 7*p(s). Give o(13).
48
Let q be 14/(-84) + (-38)/(-12). Suppose q*y = z + 2, -4*y - 4*z + 0*z + 24 = 0. Suppose y*v + 6*v + 16 = 0. Let u(a) = -a**2 - 3*a + 1. Calculate u(v).
3
Let q(v) = -4*v**2 - 39*v - 25. Let w(t) = -2*t**3 - 32*t**2 - 3*t - 57. Let g be w(-16). Give q(g).
2
Let y be (5/(-10))/(2/(-72)). Let p = y + -18. Let i(b) = p*b**2 - 3 + 2*b**2 + 3*b + b**2 + b. Determine i(2).
17
Let w(k) = 6*k**2 + k. Let c be w(-1). Let g(i) be the first derivative of i**2/2 + 4*i - 360. Calculate g(c).
9
Let m(r) be the first derivative of r**3 + 2*r**2 + 15 + 1/12*r**4 + 5*r. Let z(w) be the first derivative of m(w). Calculate z(-6).
4
Let j(l) = l**3 + 3*l - 14. Let b(p) = p**2 + 80*p - 425. Let o be b(5). Calculate j(o).
-14
Let d(a) = -a - 14. Suppose 6*c - 3679 = -3721. What is d(c)?
-7
Let q(b) = -8*b**3 - b**2 + 10*b + 9. Let g be q(-3). Let k = -92 + g. Let u(f) = 7*f - 94 + k. What is u(1)?
7
Let s(k) = k**3 - 2*k**2 + 2*k + 2. Let j be s(0). Let i(w) = w**2 + 2 + 46*w - 40*w + 1 + 0*w**j. Calculate i(-7).
10
Let l(m) = 13*m**3 + m + 1. Let z(r) = -25*r**3 + 9*r**2 + r + 11. Let c(a) = 2*l(a) + z(a). Give c(-9).
-14
Suppose -3*k + 9 = 2*w, -3*w - 30 = -5*k + 4. Let d(f) be the first derivative of f**4/4 + 2*f**3/3 - 3*f - 1273. Determine d(w).
-12
Let z be -1*(3/2 - 45/18). Let w(r) = -55*r**3 - 2*r**2 + r. What is w(z)?
-56
Let z(n) = -3*n**3 + 31*n**2 - 8*n - 21. Let m be z(10). Let i(u) = -4*u**2 + u + 8. Let w(l) = -l**3 - l**2 + 2*l - 1. Let t(h) = m*i(h) - w(h). What is t(-6)?
-25
Let b be (198/21 - 8)*(10 + -3). Let m(u) = -u**2 + 14*u - 40. Calculate m(b).
0
Let c(y) = -8*y**3 - 22*y**2 + 131*y - 1413. Let i(a) = 13*a**3 + 32*a**2 - 197*a + 2117. Let t(l) = 8*c(l) + 5*i(l). Calculate t(15).
1
Let a(b) = b**2 - 10*b - 123. Suppose 24*d - 28*d = 8*d + 84. Calculate a(d).
-4
Let h be 141/(-9)*-9 + (0 - -2). Let m(g) = 3*g + h - 137 - g. Let u be m(-6). Let o(j) = j**2 + 8*j + 4. Give o(u).
-8
Let j(n) be the third derivative of -n**7/840 + n**6/180 + n**4/6 - n**3/3 + 4*n**2 - 13*n. Let i(o) be the first derivative of j(o). What is i(3)?
-5
Let u be (-8)/12*(-3)/(-2). Let v(x) = x + 4. Let p be v(-4). Let c(r) = -1 + 4*r + 6*r + p*r. What is c(u)?
-11
Let c = -4104 - -4097. Let i(m) = -3*m - m**3 - 7*m**2 + 5*m + 2*m + 1 + 9. What is i(c)?
-18
Let q be (-2)/(-9) - (-190)/(-45). Let x = 10 + q. Let p(c) = -2*c**2 + 0 - 256*c + 262*c + c**2 - 2 +